{"id":3265,"date":"2017-05-28T21:57:06","date_gmt":"2017-05-28T19:57:06","guid":{"rendered":"http:\/\/89.46.86.101\/?page_id=3265"},"modified":"2026-01-14T09:34:07","modified_gmt":"2026-01-14T07:34:07","slug":"jobba-hos-oss","status":"publish","type":"page","link":"https:\/\/mrcap.com\/?page_id=3265","title":{"rendered":"Jobba hos oss"},"content":{"rendered":"<section class=\"wpb-content-wrapper\"><p>[vc_row row_width=&#8221;wrap-boxed&#8221; row_overlay=&#8221;&#8221;][vc_column css=&#8221;.vc_custom_1768214019063{margin-top: 120px !important;}&#8221; offset=&#8221;vc_hidden-xs&#8221;][vc_column_text]<\/p>\n<h1 class=\"text-center\" style=\"text-align: center;\"><span style=\"color: #f6f6f6;\">Jobba hos oss<\/span><\/h1>\n<p>[\/vc_column_text][vc_column_text css=&#8221;.vc_custom_1765960030420{margin-right: 20% !important;margin-left: 20% !important;}&#8221;]<\/p>\n<p style=\"text-align: center;\"><span style=\"color: #adadad;\">Hos MrCAP v\u00e4rdes\u00e4tter vi att man \u00e4r ambiti\u00f6s, detaljmedveten och har ett sinne f\u00f6r kvalitet.<br \/>\n\u00c4r det du? Vi \u00e4r alltid intresserade av nya potentiella medarbetare. Skicka en spontanans\u00f6kan med CV och personligt brev till <span style=\"color: #f6f6f6;\"><a style=\"color: #f6f6f6;\" href=\"mailto:info@mrcap.com\">info@mrcap.com, <\/a><\/span>s\u00e5 kontaktar vi dig om det dyker upp n\u00e5got som passar din profil.<\/span>[\/vc_column_text][\/vc_column][\/vc_row][vc_row row_width=&#8221;wrap-boxed&#8221; row_overlay=&#8221;&#8221;][vc_column css=&#8221;.vc_custom_1768214014966{margin-top: 120px !important;}&#8221; offset=&#8221;vc_hidden-lg vc_hidden-md vc_hidden-sm&#8221;][vc_column_text]<\/p>\n<h1 class=\"text-center\" style=\"text-align: left;\"><span style=\"color: #f6f6f6;\">Jobba hos oss<\/span><\/h1>\n<p>[\/vc_column_text][vc_column_text]<\/p>\n<p style=\"text-align: left;\"><span style=\"color: #adadad;\">Hos MrCAP v\u00e4rdes\u00e4tter vi att man \u00e4r ambiti\u00f6s, detaljmedveten och har ett sinne f\u00f6r kvalitet. \u00c4r det du? Vi \u00e4r alltid intresserade av nya potentiella medarbetare. Skicka en spontanans\u00f6kan med CV och personligt brev till <span style=\"color: #f6f6f6;\"><a style=\"color: #f6f6f6;\" href=\"mailto:info@mrcap.com\">info@mrcap.com, <\/a><\/span>s\u00e5 kontaktar vi dig om det dyker upp n\u00e5got som passar din profil.<\/span><\/p>\n<p>[\/vc_column_text][\/vc_column][\/vc_row][vc_row row_width=&#8221;wrap-boxed&#8221; row_overlay=&#8221;&#8221;][vc_column][vc_separator color=&#8221;black&#8221; css=&#8221;.vc_custom_1765960079481{margin-top: 50px !important;margin-bottom: 50px !important;}&#8221;][vc_column_text css=&#8221;.vc_custom_1765960088286{margin-bottom: 32px !important;}&#8221;]<\/p>\n<h2 class=\"text-center\" style=\"text-align: center;\"><span style=\"color: #f6f6f6;\">Roller vi erbjuder<\/span><\/h2>\n<p>[\/vc_column_text][\/vc_column][\/vc_row][vc_row row_width=&#8221;wrap-boxed&#8221; row_overlay=&#8221;&#8221; css=&#8221;.vc_custom_1511555637133{margin-bottom: 0px !important;border-bottom-width: 0px !important;padding-bottom: 0px !important;}&#8221;][vc_column width=&#8221;1\/2&#8243;][vc_single_image image=&#8221;12002&#8243; img_size=&#8221;600&#215;450&#8243;][vc_column_text]<\/p>\n<h3><span style=\"color: #f6f6f6;\">Anl\u00e4ggningschef<\/span><\/h3>\n<p><span style=\"color: #adadad;\">Som anl\u00e4ggningschef har du det \u00f6vergripande ansvaret f\u00f6r den dagliga driften. Rollen kr\u00e4ver ett tydligt ledarskap gentemot kunder och medarbetare, och omfattar b\u00e5de budget- och personalansvar. <\/span>[\/vc_column_text][vc_btn title=&#8221;Kontakt&#8221; style=&#8221;flat&#8221; shape=&#8221;round&#8221; color=&#8221;green&#8221; align=&#8221;left&#8221; link=&#8221;url:https%3A%2F%2Fmrcap.com%2Fmrcap-staging-si%2F%3Fpage_id%3D6293|title:V%C3%85RA%20ANL%C3%84GGNINGAR&#8221; css=&#8221;.vc_custom_1768214098131{margin-top: 24px !important;margin-bottom: 24px !important;}&#8221;][\/vc_column][vc_column width=&#8221;1\/2&#8243;][vc_single_image image=&#8221;13126&#8243; img_size=&#8221;600&#215;450&#8243;][vc_column_text]<\/p>\n<h3><span style=\"color: #f6f6f6;\">Bilf\u00f6r\u00e4dlingstekniker<\/span><\/h3>\n<p><span style=\"color: #adadad;\">Som bilf\u00f6r\u00e4dlingstekniker arbetar du med att skydda och bevara v\u00e5ra kunders bilar genom lackskydd, reng\u00f6ring och andra behandlingar som utf\u00f6rs enligt v\u00e5ra metoder och rutiner. Arbetet kan \u00e4ven omfatta montering av solfilm och stenskottsfilm.<\/span>[\/vc_column_text][vc_btn title=&#8221;Kontakt&#8221; style=&#8221;flat&#8221; shape=&#8221;round&#8221; color=&#8221;green&#8221; align=&#8221;left&#8221; link=&#8221;url:https%3A%2F%2Fmrcap.com%2Fmrcap-staging-si%2F%3Fpage_id%3D6293|title:V%C3%85RA%20ANL%C3%84GGNINGAR&#8221; css=&#8221;.vc_custom_1768214093368{margin-top: 24px !important;margin-bottom: 24px !important;}&#8221;][\/vc_column][\/vc_row][vc_row row_width=&#8221;wrap-boxed&#8221; row_overlay=&#8221;&#8221;][vc_column][vc_empty_space height=&#8221;50px&#8221;][\/vc_column][\/vc_row][vc_row][vc_column][vc_empty_space height=&#8221;220px&#8221;][\/vc_column][\/vc_row]<\/p>\n<\/section>","protected":false},"excerpt":{"rendered":"<p>[vc_row row_width=&#8221;wrap-boxed&#8221; row_overlay=&#8221;&#8221;][vc_column css=&#8221;.vc_custom_1768214019063{margin-top: 120px !important;}&#8221; offset=&#8221;vc_hidden-xs&#8221;][vc_column_text] Jobba hos oss [\/vc_column_text][vc_column_text css=&#8221;.vc_custom_1765960030420{margin-right: 20% !important;margin-left: 20% !important;}&#8221;] Hos MrCAP v\u00e4rdes\u00e4tter vi att man \u00e4r ambiti\u00f6s, detaljmedveten och har ett sinne f\u00f6r kvalitet. \u00c4r det du? Vi \u00e4r alltid intresserade av nya potentiella medarbetare. Skicka en spontanans\u00f6kan med CV och personligt brev till info@mrcap.com, s\u00e5 kontaktar vi [&hellip;]<\/p>\n","protected":false},"author":1,"featured_media":0,"parent":3263,"menu_order":0,"comment_status":"closed","ping_status":"closed","template":"page-vc.php","meta":{"_acf_changed":false,"footnotes":"","_links_to":"","_links_to_target":""},"yst_prominent_words":[],"class_list":["post-3265","page","type-page","status-publish","hentry"],"acf":[],"_links":{"self":[{"href":"https:\/\/mrcap.com\/index.php?rest_route=\/wp\/v2\/pages\/3265","targetHints":{"allow":["GET"]}}],"collection":[{"href":"https:\/\/mrcap.com\/index.php?rest_route=\/wp\/v2\/pages"}],"about":[{"href":"https:\/\/mrcap.com\/index.php?rest_route=\/wp\/v2\/types\/page"}],"author":[{"embeddable":true,"href":"https:\/\/mrcap.com\/index.php?rest_route=\/wp\/v2\/users\/1"}],"replies":[{"embeddable":true,"href":"https:\/\/mrcap.com\/index.php?rest_route=%2Fwp%2Fv2%2Fcomments&post=3265"}],"version-history":[{"count":31,"href":"https:\/\/mrcap.com\/index.php?rest_route=\/wp\/v2\/pages\/3265\/revisions"}],"predecessor-version":[{"id":14181,"href":"https:\/\/mrcap.com\/index.php?rest_route=\/wp\/v2\/pages\/3265\/revisions\/14181"}],"up":[{"embeddable":true,"href":"https:\/\/mrcap.com\/index.php?rest_route=\/wp\/v2\/pages\/3263"}],"wp:attachment":[{"href":"https:\/\/mrcap.com\/index.php?rest_route=%2Fwp%2Fv2%2Fmedia&parent=3265"}],"wp:term":[{"taxonomy":"yst_prominent_words","embeddable":true,"href":"https:\/\/mrcap.com\/index.php?rest_route=%2Fwp%2Fv2%2Fyst_prominent_words&post=3265"}],"curies":[{"name":"wp","href":"https:\/\/api.w.org\/{rel}","templated":true}]}}