{"id":12307,"date":"2025-11-18T10:19:39","date_gmt":"2025-11-18T08:19:39","guid":{"rendered":"https:\/\/mrcap.com\/?page_id=12307"},"modified":"2026-01-22T14:02:55","modified_gmt":"2026-01-22T12:02:55","slug":"rekond","status":"publish","type":"page","link":"https:\/\/mrcap.com\/?page_id=12307","title":{"rendered":"Rekond"},"content":{"rendered":"<section class=\"wpb-content-wrapper\"><p>[vc_row row_width=&#8221;wrap-boxed&#8221; row_overlay=&#8221;&#8221;][vc_column offset=&#8221;vc_hidden-xs&#8221; css=&#8221;.vc_custom_1765968597220{margin-top: 144px !important;}&#8221;][vc_column_text css=&#8221;.vc_custom_1765968613183{margin-bottom: 0px !important;border-bottom-width: 0px !important;padding-bottom: 0px !important;}&#8221;]<\/p>\n<h6 style=\"text-align: center;\"><span style=\"color: #fffbbf;\">Rekond<\/span><\/h6>\n<p>[\/vc_column_text][vc_column_text css=&#8221;.vc_custom_1765968620030{margin-top: 0px !important;margin-bottom: 0px !important;border-top-width: 0px !important;border-bottom-width: 0px !important;padding-top: 0px !important;padding-bottom: 0px !important;}&#8221;]<\/p>\n<h1 style=\"text-align: center;\"><span style=\"color: #f6f6f6;\">Ett helhetsintryck<br \/>\nav kvalit\u00e9<\/span><\/h1>\n<p>[\/vc_column_text][vc_column_text css=&#8221;.vc_custom_1765968624195{margin-top: 24px !important;}&#8221;]<\/p>\n<h6 style=\"text-align: center;\"><span style=\"color: #adadad;\">En rekonditionering g\u00f6r att din bil \u00e4r i toppskick vid<\/span><br \/>\n<span style=\"color: #adadad;\">f\u00f6rs\u00e4ljning, \u00e5terl\u00e4mning efter leasing, eller en f\u00f6r<\/span><br \/>\n<span style=\"color: #adadad;\">eget bruk trevligare bilupplevelse.<\/span><\/h6>\n<p>[\/vc_column_text][\/vc_column][\/vc_row][vc_row row_width=&#8221;wrap-boxed&#8221; row_overlay=&#8221;&#8221;][vc_column offset=&#8221;vc_hidden-lg vc_hidden-md vc_hidden-sm&#8221; css=&#8221;.vc_custom_1763976613873{margin-top: 120px !important;}&#8221;][vc_column_text]<\/p>\n<h6 class=\"p1\" style=\"text-align: left;\"><span style=\"color: #fffbbf;\">Rekond<\/span><\/h6>\n<p>[\/vc_column_text][vc_column_text]<\/p>\n<h2 class=\"p1\" style=\"text-align: left;\"><span style=\"color: #f6f6f6;\">Ett helhetsintryck av kvalit\u00e9<\/span><\/h2>\n<p>[\/vc_column_text][vc_column_text]<\/p>\n<p class=\"p1\"><span style=\"color: #adadad;\">En rekonditionering g\u00f6r att din bil \u00e4r i toppskick vid f\u00f6rs\u00e4ljning, \u00e5terl\u00e4mning efter leasing, eller en f\u00f6r eget bruk trevligare bilupplevelse.<\/span><\/p>\n<p>[\/vc_column_text][\/vc_column][\/vc_row][vc_row row_width=&#8221;wrap-boxed&#8221; row_overlay=&#8221;&#8221; css=&#8221;.vc_custom_1765968654552{margin-top: 24px !important;}&#8221;][vc_column width=&#8221;1\/2&#8243;][vc_empty_space][vc_single_image image=&#8221;12756&#8243; img_size=&#8221;600&#215;450&#8243; alignment=&#8221;center&#8221; onclick=&#8221;custom_link&#8221; link=&#8221;https:\/\/mrcap.com\/tjanster\/mastertreatment\/&#8221;][vc_column_text css=&#8221;.vc_custom_1765793844949{margin-bottom: 0px !important;border-bottom-width: 0px !important;padding-bottom: 0px !important;}&#8221;]<\/p>\n<h3 style=\"text-align: left;\"><span style=\"color: #f6f6f6;\">ShineAll<\/span><\/h3>\n<p><span style=\"color: #adadad;\">En noggrann utv\u00e4ndig rekond med fokus p\u00e5 reng\u00f6ring, polering, vaxning och \u00e5terst\u00e4llande av bilens ytor. Ger bilen ett utv\u00e4ndigt lyft och ett v\u00e4lv\u00e5rdat intryck.<\/span>[\/vc_column_text][vc_btn title=&#8221;L\u00e4s mer&#8221; style=&#8221;flat&#8221; shape=&#8221;round&#8221; color=&#8221;black&#8221; align=&#8221;left&#8221; link=&#8221;url:https%3A%2F%2Fmrcap.com%2Fmrcap-staging-si%2F%3Fpage_id%3D6229|title:ShineAll&#8221; el_class=&#8221;mrcap-yellow&#8221; css=&#8221;.vc_custom_1765888524964{margin-top: 0px !important;border-top-width: 0px !important;padding-top: 24px !important;padding-bottom: 16px !important;}&#8221;][\/vc_column][vc_column width=&#8221;1\/2&#8243;][vc_empty_space][vc_single_image image=&#8221;12758&#8243; img_size=&#8221;600&#215;450&#8243; alignment=&#8221;center&#8221; onclick=&#8221;custom_link&#8221;][vc_column_text css=&#8221;.vc_custom_1769083323463{margin-bottom: 0px !important;border-bottom-width: 0px !important;padding-bottom: 0px !important;}&#8221;]<\/p>\n<h3><span style=\"color: #f6f6f6;\">TuneUp<\/span><\/h3>\n<p style=\"text-align: left;\"><span style=\"color: #adadad;\">En fullst\u00e4ndig rekond som h\u00f6jer bilens helhetsintryck b\u00e5de inv\u00e4ndigt och utv\u00e4ndigt. Behandlingen kombinerar ShineAll med en full genomg\u00e5ng av interi\u00f6ren, reng\u00f6ring av textilier, bagageutrymmen och motorutrymme.<\/span><\/p>\n<p>[\/vc_column_text][vc_btn title=&#8221;L\u00e4s mer&#8221; style=&#8221;flat&#8221; shape=&#8221;round&#8221; color=&#8221;black&#8221; align=&#8221;left&#8221; link=&#8221;url:https%3A%2F%2Fmrcap.com%2Fmrcap-staging-si%2F%3Fpage_id%3D6203|title:TuneUp&#8221; el_class=&#8221;mrcap-yellow&#8221; css=&#8221;.vc_custom_1765888531473{margin-top: 0px !important;border-top-width: 0px !important;padding-top: 24px !important;padding-bottom: 16px !important;}&#8221;][\/vc_column][\/vc_row][vc_row row_width=&#8221;wrap-boxed&#8221; row_overlay=&#8221;&#8221;][vc_column][vc_empty_space height=&#8221;100px&#8221;][\/vc_column][\/vc_row][vc_row row_width=&#8221;wrap-boxed&#8221; row_overlay=&#8221;&#8221; css=&#8221;.vc_custom_1765968679030{padding-top: 100px !important;background-color: #0f0f0f !important;}&#8221;][vc_column width=&#8221;1\/3&#8243; offset=&#8221;vc_hidden-xs&#8221;][\/vc_column][vc_column width=&#8221;1\/3&#8243; offset=&#8221;vc_hidden-xs&#8221;][vc_column_text]<\/p>\n<h3><span style=\"color: #f6f6f6;\">ShineAll<\/span><\/h3>\n<p>[\/vc_column_text][\/vc_column][vc_column width=&#8221;1\/3&#8243; offset=&#8221;vc_hidden-xs&#8221;][vc_column_text]<\/p>\n<h3><span style=\"color: #f6f6f6;\">TuneUp<\/span><\/h3>\n<p>[\/vc_column_text][\/vc_column][\/vc_row][vc_row row_width=&#8221;wrap-boxed&#8221; row_overlay=&#8221;&#8221; css=&#8221;.vc_custom_1768212016307{margin-top: 0px !important;margin-right: 32px !important;margin-bottom: 0px !important;margin-left: 32px !important;border-top-width: 0px !important;border-bottom-width: 0px !important;padding-bottom: 100px !important;background-color: #0f0f0f !important;}&#8221;][vc_column width=&#8221;1\/3&#8243; offset=&#8221;vc_hidden-xs&#8221;][vc_column_text css=&#8221;.vc_custom_1764666087065{margin-bottom: 0px !important;border-bottom-width: 0px !important;padding-bottom: 0px !important;}&#8221;]<span style=\"color: #f6f6f6;\">Typ av rekond<\/span>[\/vc_column_text][\/vc_column][vc_column width=&#8221;1\/3&#8243; offset=&#8221;vc_hidden-xs&#8221;][vc_column_text css=&#8221;.vc_custom_1765887706076{margin-top: 0px !important;margin-bottom: 0px !important;border-top-width: 0px !important;border-bottom-width: 0px !important;padding-top: 0px !important;padding-bottom: 0px !important;}&#8221;]<span style=\"color: #f6f6f6;\"><img loading=\"lazy\" decoding=\"async\" class=\"alignleft wp-image-13652\" src=\"https:\/\/mrcap.com\/wp-content\/uploads\/Arrow-ikon-2.png\" alt=\"\" width=\"20\" height=\"20\" \/>Utv\u00e4ndigt<\/span>[\/vc_column_text][\/vc_column][vc_column width=&#8221;1\/3&#8243; offset=&#8221;vc_hidden-xs&#8221;][vc_column_text css=&#8221;.vc_custom_1769083366856{margin-top: 0px !important;margin-bottom: 0px !important;border-top-width: 0px !important;border-bottom-width: 0px !important;padding-top: 0px !important;padding-bottom: 0px !important;}&#8221;]<span style=\"color: #f6f6f6;\"><img loading=\"lazy\" decoding=\"async\" class=\"wp-image-13635 alignleft\" src=\"https:\/\/mrcap.com\/wp-content\/uploads\/Arrow-ikon.png\" alt=\"\" width=\"20\" height=\"20\" \/>Inv\u00e4ndigt, Utv\u00e4ndigt &amp; Motortv\u00e4tt<\/span>[\/vc_column_text][\/vc_column][vc_column offset=&#8221;vc_hidden-xs&#8221;][vc_separator color=&#8221;custom&#8221; css=&#8221;.vc_custom_1765887744518{margin-top: 16px !important;margin-bottom: 16px !important;border-top-width: 0px !important;border-bottom-width: 0px !important;padding-top: 0px !important;padding-bottom: 0px !important;}&#8221; accent_color=&#8221;#606060&#8243;][\/vc_column][vc_column width=&#8221;1\/3&#8243; offset=&#8221;vc_hidden-xs&#8221;][vc_column_text css=&#8221;.vc_custom_1765965469737{margin-top: 0px !important;margin-bottom: 0px !important;border-top-width: 0px !important;border-bottom-width: 0px !important;padding-top: 0px !important;padding-bottom: 0px !important;}&#8221;]<span style=\"color: #f6f6f6;\">Resealant \u00e5terbehandlingsprogram<\/span>[\/vc_column_text][\/vc_column][vc_column width=&#8221;1\/3&#8243; offset=&#8221;vc_hidden-xs&#8221;][vc_column_text css=&#8221;.vc_custom_1765888381224{margin-top: 0px !important;margin-bottom: 0px !important;border-top-width: 0px !important;border-bottom-width: 0px !important;padding-top: 0px !important;padding-bottom: 0px !important;}&#8221;]<span style=\"color: #f6f6f6;\"><img loading=\"lazy\" decoding=\"async\" class=\"alignleft wp-image-13750\" src=\"https:\/\/mrcap.com\/wp-content\/uploads\/Cross-ikon-30.png\" alt=\"\" width=\"20\" height=\"20\" \/>Nej<\/span>[\/vc_column_text][\/vc_column][vc_column width=&#8221;1\/3&#8243; offset=&#8221;vc_hidden-xs&#8221;][vc_column_text css=&#8221;.vc_custom_1765888406178{margin-top: 0px !important;margin-bottom: 0px !important;border-top-width: 0px !important;border-bottom-width: 0px !important;padding-top: 0px !important;padding-bottom: 0px !important;}&#8221;]<span style=\"color: #f6f6f6;\"><img loading=\"lazy\" decoding=\"async\" class=\"alignleft wp-image-13750\" src=\"https:\/\/mrcap.com\/wp-content\/uploads\/Cross-ikon-30.png\" alt=\"\" width=\"20\" height=\"20\" \/>Nej<\/span>[\/vc_column_text][\/vc_column][vc_column offset=&#8221;vc_hidden-xs&#8221;][vc_separator color=&#8221;custom&#8221; css=&#8221;.vc_custom_1765887753049{margin-top: 16px !important;margin-bottom: 16px !important;border-top-width: 0px !important;border-bottom-width: 0px !important;padding-top: 0px !important;padding-bottom: 0px !important;}&#8221; accent_color=&#8221;#606060&#8243;][\/vc_column][vc_column width=&#8221;1\/3&#8243; offset=&#8221;vc_hidden-xs&#8221;][vc_column_text css=&#8221;.vc_custom_1764666175818{margin-top: 0px !important;margin-bottom: 0px !important;border-top-width: 0px !important;border-bottom-width: 0px !important;padding-top: 0px !important;padding-bottom: 0px !important;}&#8221;]<span style=\"color: #f6f6f6;\">Pris<\/span>[\/vc_column_text][vc_row_inner][vc_column_inner][vc_btn title=&#8221;Boka behandling&#8221; style=&#8221;flat&#8221; shape=&#8221;round&#8221; color=&#8221;green&#8221; align=&#8221;left&#8221; link=&#8221;url:http%3A%2F%2Fbooking.mrcap.com%2F|||&#8221; el_class=&#8221;mrcap-yellow&#8221; css=&#8221;.vc_custom_1765968708720{margin-top: 48px !important;}&#8221;][\/vc_column_inner][\/vc_row_inner][\/vc_column][vc_column width=&#8221;1\/3&#8243; offset=&#8221;vc_hidden-xs&#8221;][vc_column_text css=&#8221;.vc_custom_1765985765544{margin-top: 0px !important;margin-bottom: 0px !important;border-top-width: 0px !important;border-bottom-width: 0px !important;padding-top: 0px !important;padding-bottom: 0px !important;}&#8221;]<span style=\"color: #f6f6f6;\"><img loading=\"lazy\" decoding=\"async\" class=\"alignleft wp-image-13652\" src=\"https:\/\/mrcap.com\/wp-content\/uploads\/Arrow-ikon-2.png\" alt=\"\" width=\"20\" height=\"20\" \/>Fr\u00e5n 3 995 kr<\/span>[\/vc_column_text][\/vc_column][vc_column width=&#8221;1\/3&#8243; offset=&#8221;vc_hidden-xs&#8221;][vc_column_text css=&#8221;.vc_custom_1765985773008{margin-top: 0px !important;margin-bottom: 0px !important;border-top-width: 0px !important;border-bottom-width: 0px !important;padding-top: 0px !important;padding-bottom: 0px !important;}&#8221;]<span style=\"color: #f6f6f6;\"><img loading=\"lazy\" decoding=\"async\" class=\"wp-image-13635 alignleft\" src=\"https:\/\/mrcap.com\/wp-content\/uploads\/Arrow-ikon.png\" alt=\"\" width=\"20\" height=\"20\" \/>Fr\u00e5n 5 195 kr<\/span>[\/vc_column_text][\/vc_column][vc_column offset=&#8221;vc_hidden-lg vc_hidden-md vc_hidden-sm&#8221; css=&#8221;.vc_custom_1768212369034{margin-right: 0px !important;margin-bottom: 0px !important;margin-left: 0px !important;border-top-width: 0px !important;border-right-width: 0px !important;border-bottom-width: 0px !important;border-left-width: 0px !important;padding-top: 0px !important;padding-right: 8px !important;padding-bottom: 0px !important;padding-left: 8px !important;background-color: #0f0f0f !important;}&#8221;][vc_single_image image=&#8221;14123&#8243; img_size=&#8221;full&#8221;][vc_btn title=&#8221;Boka behandling&#8221; style=&#8221;flat&#8221; shape=&#8221;round&#8221; color=&#8221;green&#8221; align=&#8221;left&#8221; link=&#8221;url:http%3A%2F%2Fbooking.mrcap.com%2F|||&#8221; el_class=&#8221;mrcap-yellow&#8221; css=&#8221;.vc_custom_1768212256663{margin-top: 24px !important;}&#8221;][\/vc_column][\/vc_row][vc_row row_width=&#8221;wrap-boxed&#8221; row_overlay=&#8221;&#8221; css=&#8221;.vc_custom_1765883101005{margin-top: 48px !important;}&#8221;][vc_column][vc_empty_space height=&#8221;144px&#8221;][\/vc_column][\/vc_row]<\/p>\n<\/section>","protected":false},"excerpt":{"rendered":"<p>[vc_row row_width=&#8221;wrap-boxed&#8221; row_overlay=&#8221;&#8221;][vc_column offset=&#8221;vc_hidden-xs&#8221; css=&#8221;.vc_custom_1765968597220{margin-top: 144px !important;}&#8221;][vc_column_text css=&#8221;.vc_custom_1765968613183{margin-bottom: 0px !important;border-bottom-width: 0px !important;padding-bottom: 0px !important;}&#8221;] Rekond [\/vc_column_text][vc_column_text css=&#8221;.vc_custom_1765968620030{margin-top: 0px !important;margin-bottom: 0px !important;border-top-width: 0px !important;border-bottom-width: 0px !important;padding-top: 0px !important;padding-bottom: 0px !important;}&#8221;] Ett helhetsintryck av kvalit\u00e9 [\/vc_column_text][vc_column_text css=&#8221;.vc_custom_1765968624195{margin-top: 24px !important;}&#8221;] En rekonditionering g\u00f6r att din bil \u00e4r i toppskick vid f\u00f6rs\u00e4ljning, \u00e5terl\u00e4mning efter leasing, eller en f\u00f6r eget [&hellip;]<\/p>\n","protected":false},"author":40,"featured_media":0,"parent":0,"menu_order":0,"comment_status":"closed","ping_status":"closed","template":"page-vc.php","meta":{"_acf_changed":false,"footnotes":"","_links_to":"","_links_to_target":""},"yst_prominent_words":[],"class_list":["post-12307","page","type-page","status-publish","hentry"],"acf":[],"_links":{"self":[{"href":"https:\/\/mrcap.com\/index.php?rest_route=\/wp\/v2\/pages\/12307","targetHints":{"allow":["GET"]}}],"collection":[{"href":"https:\/\/mrcap.com\/index.php?rest_route=\/wp\/v2\/pages"}],"about":[{"href":"https:\/\/mrcap.com\/index.php?rest_route=\/wp\/v2\/types\/page"}],"author":[{"embeddable":true,"href":"https:\/\/mrcap.com\/index.php?rest_route=\/wp\/v2\/users\/40"}],"replies":[{"embeddable":true,"href":"https:\/\/mrcap.com\/index.php?rest_route=%2Fwp%2Fv2%2Fcomments&post=12307"}],"version-history":[{"count":113,"href":"https:\/\/mrcap.com\/index.php?rest_route=\/wp\/v2\/pages\/12307\/revisions"}],"predecessor-version":[{"id":14232,"href":"https:\/\/mrcap.com\/index.php?rest_route=\/wp\/v2\/pages\/12307\/revisions\/14232"}],"wp:attachment":[{"href":"https:\/\/mrcap.com\/index.php?rest_route=%2Fwp%2Fv2%2Fmedia&parent=12307"}],"wp:term":[{"taxonomy":"yst_prominent_words","embeddable":true,"href":"https:\/\/mrcap.com\/index.php?rest_route=%2Fwp%2Fv2%2Fyst_prominent_words&post=12307"}],"curies":[{"name":"wp","href":"https:\/\/api.w.org\/{rel}","templated":true}]}}